12
Let g = -27 - -33. Calculate the remainder when g is divided by 6.
0
Suppose 0 = -o + 6*o + 20. Let n = 10 + o. What is the remainder when (4/(-8))/(2/(-64)) is divided by n?
4
Suppose -3*r + 120 = -g - 25, -3*g = -2*r + 99. Calculate the remainder when r is divided by 18.
12
Let w(k) = 4*k**3 - 2*k - 1. Let b be w(-1). Let r be (b/6)/1*-8. Calculate the remainder when (r - -1)*(-7)/(-1) is divided by 9.
8
Suppose d = -2*d - 279. Let i = -10 + 8. What is the remainder when (i/(-6))/((-1)/d) is divided by 16?
15
Suppose 2*u - b - 31 = -0*b, -3*b = 2*u - 43. Calculate the remainder when 185 is divided by u.
15
Suppose 0 = -p + 10 - 5. Let j(x) = p - 8 + 8*x - 4*x - 3. Calculate the remainder when j(4) is divided by 6.
4
Let l(b) = -3*b. Let m be l(-1). Suppose 55 - 7 = m*s. Calculate the remainder when s is divided by 6.
4
Suppose 4*a = 6*a - 28. What is the remainder when 24 is divided by a?
10
Suppose 0 = -14*f - 7*f + 5019. What is the remainder when f is divided by 30?
29
Let o = -14 - -22. Let l(d) = 0 + d**2 + 2*d - d**3 - 8 + 1 + 7*d**2. Calculate the remainder when 16 is divided by l(o).
7
Suppose t + n - 61 = 0, -5*t - 3*n + 2*n + 297 = 0. What is the remainder when t is divided by 12?
11
Suppose 2*m + 2 = -0*m, l + 5*m - 5 = 0. What is the remainder when l is divided by -4*5/(-20) + 12/4?
2
Let y = 38 - 4. What is the remainder when 100 is divided by y?
32
Let a(m) = -m**2 - 3*m. Let x be a(-2). Suppose 38 = 2*w - 4*l, -4 - 26 = -2*w + x*l. Let o = 449 + -430. Calculate the remainder when o is divided by w.
8
Let k = 61 + -22. What is the remainder when 193 is divided by k?
37
Let r = 27 + -12. What is the remainder when 29 is divided by r?
14
Calculate the remainder when 13 is divided by (-16)/(-3)*(-15)/(-10).
5
Let b be (-4)/8*(15 - 1). Let i = 1 - -1. What is the remainder when (-3)/(-6)*-4 - b is divided by i?
1
Let o(l) = -4*l + 3. Let f(s) = 13*s - 9. Let q(a) = 2*f(a) + 7*o(a). What is the remainder when 43 is divided by q(-3)?
7
Suppose -c + 68 = 13. Let p = -118 - -137. What is the remainder when c is divided by p?
17
Let v(d) be the third derivative of -d**6/120 + d**5/4 - d**4/3 + 5*d**3/3 - d**2. Calculate the remainder when v(14) is divided by 24.
22
Let j = 15 + -7. Suppose j = -0*c + 2*c. Suppose -c*y - 2*p + 5*p = -77, 39 = 3*y + 4*p. What is the remainder when 33 is divided by y?
16
Suppose -k + 6 = 2. Let w = k - 1. Suppose 6 = 3*f - w. What is the remainder when 7 is divided by f?
1
Suppose -4*g = -2*i + 70, -2*g - 6 - 9 = -5*i. Calculate the remainder when 3 is divided by (4/g)/((-2)/10).
0
Calculate the remainder when 13 - 17 - (-17)/1 is divided by 6.
1
Let g = -2 + 7. Let d = 0 + 3. Calculate the remainder when (4 - 1)*14/d is divided by g.
4
Let g(c) = c**3 + 6*c**2 + 3. Suppose -x + 28 - 13 = 0. What is the remainder when g(-5) is divided by x?
13
Let f be 0/((-2)/(-3)*-3). Suppose -3*m + f*m = -5*u - 81, m - 77 = 5*u. Let s = u - -23. What is the remainder when 15 is divided by s?
7
Let n = 14 - -76. What is the remainder when n is divided by 23?
21
Let a = 23 + -14. Let w(h) = -h**2 - 7*h + 2. Let c be w(-7). Suppose 5*f + 25 = -2*o + 3*o, 4*o = c*f + 100. What is the remainder when o is divided by a?
7
Suppose d + 2*l + 2*l - 42 = 0, 3*l + 149 = 4*d. Suppose 5*b - d - 32 = 0. Suppose 2*h - 4*h = -b. Calculate the remainder when 27 is divided by h.
6
Suppose -3*d = -d + 100. Let g = -31 - d. Calculate the remainder when g is divided by 7.
5
Let x be 2/10 - 114/(-30). Suppose x*g = -i + 29, 52 = 2*i - g - 33. Suppose 105 = 4*v + 21. Calculate the remainder when i is divided by v.
20
Suppose 3*d + 17 + 25 = 5*t, t - d - 8 = 0. Let p(i) = -i**2 + 9*i + 5. Calculate the remainder when 0/(-1) - (-32)/4 is divided by p(t).
3
Suppose 2*d = -5*j - 16, -j + 10 = 3*d - 2*j. Suppose 0 = 3*z + 2*z - 75. Let x = z - 11. Calculate the remainder when x is divided by d.
0
Let q be 4 + 0/(6/3). Suppose 0*i - q = 4*i. Calculate the remainder when 8 is divided by i/(-2)*(-30)/(-3).
3
Let j be -4 + 8 + (-2 - 2). Suppose j = -5*a + 73 - 8. Calculate the remainder when a is divided by 5.
3
Let h = -19 + 41. Let g(v) be the first derivative of -7*v**2 - 1. What is the remainder when g(-3) is divided by h?
20
Let u(b) = -b**3 - 2*b. Let q = 1 - 3. What is the remainder when 34 is divided by u(q)?
10
Suppose 22 = 2*k + 5*n - 11, -6 = -2*n. Suppose 9 = -2*v + 3*i + 50, -3*i + 59 = 2*v. Calculate the remainder when v is divided by k.
7
Suppose 4*a - 12 = 8, -3*u - 2*a = -55. Calculate the remainder when 118 is divided by u.
13
Let g = -73 - -111. Let c(z) = -z**2 - 11*z - 11. Let p be (-16)/10*5*1. What is the remainder when g is divided by c(p)?
12
Suppose 3*a - 1 - 5 = 0. Let z be 100/8*8/10. Let r = z - 5. Calculate the remainder when r is divided by a.
1
Let j = -17 - -14. Let r(w) = 4*w - 3. Let c be r(3). Calculate the remainder when 18 is divided by 3/(c/j) + 11.
8
Suppose 25*n - 364 = 11*n. Suppose -4*p = -2*t + 44, 0 = t + 2*t + 2*p - 34. Calculate the remainder when n is divided by t.
12
Suppose 5 = -5*a + 5*w, -3*a - 2*w + 0 = -2. Suppose a = 3*p + 2*p - 140. Suppose -4*y - p = -140. Calculate the remainder when y is divided by 10.
8
Suppose -g + 17 - 1 = z, 4*g + 89 = 5*z. Let d = 1 + 5. What is the remainder when z is divided by d?
5
Let r = -83 + 124. What is the remainder when r is divided by 1 + (-38 - 2)/(-2)?
20
Let v(h) = h**2 + 2*h - 3. Let x = 28 - 7. Let i = x + -13. What is the remainder when i is divided by v(2)?
3
Suppose -6 = l - 16. Suppose 3*k = 2*k + 72. Suppose -k = -4*d + 76. What is the remainder when d is divided by l?
7
Suppose 7*u + 76 = 9*u. What is the remainder when u is divided by 21?
17
Let m be 10/(-65) + 732/26. Suppose m = -2*v + 98. What is the remainder when v is divided by 3/2*(-8)/(-1)?
11
Suppose -3*k + 15 = -3. What is the remainder when k is divided by 2/(-4*3/(-18))?
0
Let n(p) = 6*p**2 - 10*p + 2. What is the remainder when n(5) is divided by 21?
18
Let s(p) = 76*p**2 + 1. Let y be s(1). Suppose 5*w = -r + 21, 3*w - y = -2*r - 0*w. Suppose 3*n - 8*n = -80. Calculate the remainder when r is divided by n.
14
Let d = 4 - 7. Suppose -3*n + 3 + 0 = 0. What is the remainder when 9 is divided by -1 - -2 - (d - n)?
4
Suppose 2*r - 54 = -5*u - 18, 2*u = 8. What is the remainder when 11 is divided by r?
3
Let u = 1 - -14. Let q(t) = 7*t**2 - t - 9. What is the remainder when q(-3) is divided by u?
12
Suppose 2 = -x - 0. Calculate the remainder when 6 is divided by ((-10)/(-15))/(x/(-12)).
2
Let s(q) = -2*q + 2 - 2. Let t be s(-4). Suppose 3 = m - c, -3*c + t*c = -5. Calculate the remainder when m is divided by 1.
0
Let j be (4/(-4))/(1/16). Let b be (2 - 0)*29/2. Let k = b + j. What is the remainder when 25 is divided by k?
12
Let q = 21 + -15. Calculate the remainder when 22 is divided by q.
4
Let f = 16 - -1. Suppose 4*i - 14 = -5*b, 0*b + 2*i = -2*b + 4. What is the remainder when f is divided by b?
5
Let k = 30 + -16. What is the remainder when 54 is divided by k?
12
Let n(k) = -k**3 + 4*k**2 - 6*k + 6. Let a be n(4). Let s = 29 + a. Calculate the remainder when 43 is divided by s.
10
Suppose g = -0*g + 12. Calculate the remainder when 56 is divided by g.
8
Let a = -24 - -38. What is the remainder when a is divided by 2 - ((-12)/2 + 3)?
4
Let g(k) = 1 - 3*k**3 - 4*k**2 + 2 + 2 - 8*k + 4*k**3. What is the remainder when g(6) is divided by 15?
14
Let z(j) = -j**2 + 2*j - 1. Let r be z(1). Suppose r = -5*v + 5*b + 5, 3*b - 9 = 3*v - 2*v. Calculate the remainder when 9 is divided by v.
3
Let h be 6/(-2)*(1 - 2). Let s be (-16)/6*h/(-2). Suppose 5*f - 2*l = 4*f + 7, -s*f = -5*l - 31. What is the remainder when f is divided by 5?
4
Let m(l) be the first derivative of l**4/4 - 4*l**3/3 + 5*l**2/2 + 3*l - 3. What is the remainder when m(4) is divided by 12?
11
Suppose -w = 3*y + 3 + 2, 5*y - 5 = 5*w. Let t = w - -2. Suppose t = 2*j - 13 - 7. What is the remainder when j is divided by 3?
1
Let p = -5 - -13. Calculate the remainder when 20 is divided by p.
4
Let b = 20 + -33. Let v = 26 + b. Let g = 77 - 53. Calculate the remainder when g is divided by v.
11
Let x = 111 + -84. Calculate the remainder when x is divided by ((-4)/(-3))/(2/21).
13
Let x(o) = 2*o**2 - 5*o + 6. Calculate the remai